[INFO] cloning repository https://github.com/fxwiegand/genomes
[INFO] running `Command { std: "git" "-c" "credential.helper=" "-c" "credential.helper=/workspace/cargo-home/bin/git-credential-null" "clone" "--bare" "https://github.com/fxwiegand/genomes" "/workspace/cache/git-repos/https%3A%2F%2Fgithub.com%2Ffxwiegand%2Fgenomes", kill_on_drop: false }`
[INFO] [stderr] Cloning into bare repository '/workspace/cache/git-repos/https%3A%2F%2Fgithub.com%2Ffxwiegand%2Fgenomes'...
[INFO] running `Command { std: "git" "rev-parse" "HEAD", kill_on_drop: false }`
[INFO] [stdout] 3ffb649b2e55a4a4d0ec0b850103b6225d939542
[INFO] checking fxwiegand/genomes against master#cfbc6d4cf1acbac5c025acf8ed68929caa551df3 for pr-75494-beta
[INFO] running `Command { std: "git" "clone" "/workspace/cache/git-repos/https%3A%2F%2Fgithub.com%2Ffxwiegand%2Fgenomes" "/workspace/builds/worker-0/source", kill_on_drop: false }`
[INFO] [stderr] Cloning into '/workspace/builds/worker-0/source'...
[INFO] [stderr] done.
[INFO] validating manifest of git repo https://github.com/fxwiegand/genomes on toolchain cfbc6d4cf1acbac5c025acf8ed68929caa551df3
[INFO] running `Command { std: "/workspace/cargo-home/bin/cargo" "+cfbc6d4cf1acbac5c025acf8ed68929caa551df3" "read-manifest" "--manifest-path" "Cargo.toml", kill_on_drop: false }`
[INFO] started tweaking git repo https://github.com/fxwiegand/genomes
[INFO] finished tweaking git repo https://github.com/fxwiegand/genomes
[INFO] tweaked toml for git repo https://github.com/fxwiegand/genomes written to /workspace/builds/worker-0/source/Cargo.toml
[INFO] running `Command { std: "/workspace/cargo-home/bin/cargo" "+cfbc6d4cf1acbac5c025acf8ed68929caa551df3" "generate-lockfile" "--manifest-path" "Cargo.toml" "-Zno-index-update", kill_on_drop: false }`
[INFO] [stderr]     Updating git repository `https://github.com/SergioBenitez/Rocket`
[INFO] [stderr]     Updating git repository `https://github.com/SergioBenitez/cookie-rs.git`
[INFO] [stderr]     Updating git repository `https://github.com/SergioBenitez/Pear.git`
[INFO] [stderr]     Updating git repository `https://github.com/SergioBenitez/Devise.git`
[INFO] [stderr]     Updating git repository `https://github.com/SergioBenitez/proc-macro2-diagnostics.git`
[INFO] running `Command { std: "/workspace/cargo-home/bin/cargo" "+cfbc6d4cf1acbac5c025acf8ed68929caa551df3" "fetch" "--locked" "--manifest-path" "Cargo.toml", kill_on_drop: false }`
[INFO] [stderr]  Downloading crates ...
[INFO] [stderr]   Downloaded newtype_derive v0.1.6
[INFO] [stderr]   Downloaded statrs v0.12.0
[INFO] [stderr]   Downloaded itertools-num v0.1.3
[INFO] [stderr]   Downloaded fs-utils v1.1.4
[INFO] [stderr]   Downloaded array-macro v1.0.5
[INFO] [stderr]   Downloaded triple_accel v0.3.2
[INFO] [stderr]   Downloaded bio-types v0.7.0
[INFO] [stderr]   Downloaded snafu-derive v0.6.8
[INFO] [stderr]   Downloaded snafu v0.6.8
[INFO] [stderr]   Downloaded bio v0.32.0
[INFO] [stderr]   Downloaded rust-htslib v0.32.0
[INFO] [stderr]   Downloaded lzma-sys v0.1.16
[INFO] [stderr]   Downloaded hts-sys v1.10.3
[INFO] [stderr]   Downloaded openssl-src v111.10.2+1.1.1g
[INFO] running `Command { std: "docker" "create" "-v" "/var/lib/crater-agent-workspace/builds/worker-0/target:/opt/rustwide/target:rw,Z" "-v" "/var/lib/crater-agent-workspace/builds/worker-0/source:/opt/rustwide/workdir:ro,Z" "-v" "/var/lib/crater-agent-workspace/cargo-home:/opt/rustwide/cargo-home:ro,Z" "-v" "/var/lib/crater-agent-workspace/rustup-home:/opt/rustwide/rustup-home:ro,Z" "-e" "SOURCE_DIR=/opt/rustwide/workdir" "-e" "CARGO_TARGET_DIR=/opt/rustwide/target" "-e" "CARGO_HOME=/opt/rustwide/cargo-home" "-e" "RUSTUP_HOME=/opt/rustwide/rustup-home" "-w" "/opt/rustwide/workdir" "-m" "1610612736" "--user" "0:0" "--network" "none" "rustops/crates-build-env@sha256:a636fd89d022f18117e1dc8fb37a0a009933cdbbe082814857f0e2024962d47c" "/opt/rustwide/cargo-home/bin/cargo" "+cfbc6d4cf1acbac5c025acf8ed68929caa551df3" "metadata" "--no-deps" "--format-version=1", kill_on_drop: false }`
[INFO] [stdout] 6f2991b8e309cd417e7d0dd5189f37c0e509acc2db6559f8cdbcd37bedb4b9ea
[INFO] [stderr] WARNING: Your kernel does not support swap limit capabilities or the cgroup is not mounted. Memory limited without swap.
[INFO] running `Command { std: "docker" "start" "-a" "6f2991b8e309cd417e7d0dd5189f37c0e509acc2db6559f8cdbcd37bedb4b9ea", kill_on_drop: false }`
[INFO] running `Command { std: "docker" "inspect" "6f2991b8e309cd417e7d0dd5189f37c0e509acc2db6559f8cdbcd37bedb4b9ea", kill_on_drop: false }`
[INFO] running `Command { std: "docker" "rm" "-f" "6f2991b8e309cd417e7d0dd5189f37c0e509acc2db6559f8cdbcd37bedb4b9ea", kill_on_drop: false }`
[INFO] [stdout] 6f2991b8e309cd417e7d0dd5189f37c0e509acc2db6559f8cdbcd37bedb4b9ea
[INFO] running `Command { std: "docker" "create" "-v" "/var/lib/crater-agent-workspace/builds/worker-0/target:/opt/rustwide/target:rw,Z" "-v" "/var/lib/crater-agent-workspace/builds/worker-0/source:/opt/rustwide/workdir:ro,Z" "-v" "/var/lib/crater-agent-workspace/cargo-home:/opt/rustwide/cargo-home:ro,Z" "-v" "/var/lib/crater-agent-workspace/rustup-home:/opt/rustwide/rustup-home:ro,Z" "-e" "SOURCE_DIR=/opt/rustwide/workdir" "-e" "CARGO_TARGET_DIR=/opt/rustwide/target" "-e" "CARGO_INCREMENTAL=0" "-e" "RUST_BACKTRACE=full" "-e" "RUSTFLAGS=--cap-lints=forbid" "-e" "CARGO_HOME=/opt/rustwide/cargo-home" "-e" "RUSTUP_HOME=/opt/rustwide/rustup-home" "-w" "/opt/rustwide/workdir" "-m" "1610612736" "--user" "0:0" "--network" "none" "rustops/crates-build-env@sha256:a636fd89d022f18117e1dc8fb37a0a009933cdbbe082814857f0e2024962d47c" "/opt/rustwide/cargo-home/bin/cargo" "+cfbc6d4cf1acbac5c025acf8ed68929caa551df3" "check" "--frozen" "--all" "--all-targets" "--message-format=json", kill_on_drop: false }`
[INFO] [stdout] ca756e24ad7bd9284d7966aab27ae4d8e9b2df79f0d6aec1dee251da47fdd155
[INFO] [stderr] WARNING: Your kernel does not support swap limit capabilities or the cgroup is not mounted. Memory limited without swap.
[INFO] running `Command { std: "docker" "start" "-a" "ca756e24ad7bd9284d7966aab27ae4d8e9b2df79f0d6aec1dee251da47fdd155", kill_on_drop: false }`
[INFO] [stderr]    Compiling syn v1.0.39
[INFO] [stderr]    Compiling version_check v0.9.2
[INFO] [stderr]    Compiling typenum v1.12.0
[INFO] [stderr]    Compiling memchr v2.3.3
[INFO] [stderr]    Compiling cfg-if v0.1.10
[INFO] [stderr]    Compiling proc-macro-hack v0.5.18
[INFO] [stderr]    Compiling serde v1.0.115
[INFO] [stderr]    Compiling getrandom v0.1.14
[INFO] [stderr]    Compiling pin-project-internal v0.4.23
[INFO] [stderr]    Compiling proc-macro-nested v0.1.6
[INFO] [stderr]    Compiling yansi v0.5.0
[INFO] [stderr]    Compiling subtle v2.2.3
[INFO] [stderr]     Checking once_cell v1.4.1
[INFO] [stderr]    Compiling slab v0.4.2
[INFO] [stderr]    Compiling fnv v1.0.7
[INFO] [stderr]     Checking futures-sink v0.3.5
[INFO] [stderr]    Compiling bytes v0.5.6
[INFO] [stderr]    Compiling futures-core v0.3.5
[INFO] [stderr]     Checking regex-syntax v0.6.18
[INFO] [stderr]     Checking ppv-lite86 v0.2.9
[INFO] [stderr]    Compiling arc-swap v0.4.7
[INFO] [stderr]    Compiling itoa v0.4.6
[INFO] [stderr]     Checking futures-io v0.3.5
[INFO] [stderr]     Checking pin-utils v0.1.0
[INFO] [stderr]    Compiling pin-project-lite v0.1.7
[INFO] [stderr]    Compiling opaque-debug v0.2.3
[INFO] [stderr]     Checking percent-encoding v2.1.0
[INFO] [stderr]    Compiling glob v0.3.0
[INFO] [stderr]    Compiling semver v0.1.20
[INFO] [stderr]    Compiling try-lock v0.2.3
[INFO] [stderr]    Compiling cpuid-bool v0.1.2
[INFO] [stderr]    Compiling ucd-trie v0.1.3
[INFO] [stderr]     Checking same-file v1.0.6
[INFO] [stderr]    Compiling opaque-debug v0.3.0
[INFO] [stderr]     Checking unic-char-range v0.9.0
[INFO] [stderr]     Checking unic-common v0.9.0
[INFO] [stderr]    Compiling base64 v0.12.3
[INFO] [stderr]    Compiling tower-service v0.3.0
[INFO] [stderr]    Compiling quick-error v1.2.3
[INFO] [stderr]    Compiling inlinable_string v0.1.11
[INFO] [stderr]    Compiling state v0.4.1
[INFO] [stderr]    Compiling doc-comment v0.3.3
[INFO] [stderr]    Compiling mime v0.3.16
[INFO] [stderr]    Compiling smallvec v1.4.2
[INFO] [stderr]    Compiling feature-probe v0.1.1
[INFO] [stderr]    Compiling crc32fast v1.2.0
[INFO] [stderr]     Checking unicode-xid v0.2.1
[INFO] [stderr]    Compiling unicode-segmentation v1.6.0
[INFO] [stderr]     Checking deunicode v0.4.3
[INFO] [stderr]     Checking lazycell v1.3.0
[INFO] [stderr]     Checking adler v0.2.3
[INFO] [stderr]     Checking unicode-width v0.1.8
[INFO] [stderr]     Checking fixedbitset v0.2.0
[INFO] [stderr]     Checking ubyte v0.9.1
[INFO] [stderr]    Compiling bio v0.32.0
[INFO] [stderr]     Checking humansize v1.1.0
[INFO] [stderr]     Checking bit-vec v0.6.2
[INFO] [stderr]     Checking binascii v0.1.4
[INFO] [stderr]     Checking custom_derive v0.1.7
[INFO] [stderr]     Checking array-macro v1.0.5
[INFO] [stderr]     Checking either v1.6.0
[INFO] [stderr]     Checking atomic v0.4.6
[INFO] [stderr]     Checking strsim v0.8.0
[INFO] [stderr]     Checking ansi_term v0.11.0
[INFO] [stderr]     Checking ieee754 v0.2.6
[INFO] [stderr]     Checking triple_accel v0.3.2
[INFO] [stderr]     Checking strum v0.18.0
[INFO] [stderr]     Checking linear-map v1.2.0
[INFO] [stderr]    Compiling num-traits v0.2.12
[INFO] [stderr]     Checking thread_local v1.0.1
[INFO] [stderr]    Compiling num-integer v0.1.43
[INFO] [stderr]     Checking tracing-core v0.1.15
[INFO] [stderr]    Compiling num-complex v0.2.4
[INFO] [stderr]     Checking futures-channel v0.3.5
[INFO] [stderr]    Compiling futures-task v0.3.5
[INFO] [stderr]    Compiling dashmap v4.0.0-rc6
[INFO] [stderr]    Compiling rustc_version v0.1.7
[INFO] [stderr]    Compiling http v0.2.1
[INFO] [stderr]    Compiling pest v2.1.3
[INFO] [stderr]     Checking unic-char-property v0.9.0
[INFO] [stderr]     Checking walkdir v2.3.1
[INFO] [stderr]    Compiling generic-array v0.14.4
[INFO] [stderr]    Compiling standback v0.2.10
[INFO] [stderr]    Compiling proc-macro2-diagnostics v0.1.0 (https://github.com/SergioBenitez/proc-macro2-diagnostics.git?rev=13fbb43#13fbb43d)
[INFO] [stderr]    Compiling time v0.2.16
[INFO] [stderr]    Compiling cookie v0.15.0-dev (https://github.com/SergioBenitez/cookie-rs.git?rev=3795f2e#3795f2e6)
[INFO] [stderr]    Compiling rocket_http v0.5.0-dev (https://github.com/SergioBenitez/Rocket#02b79e28)
[INFO] [stderr]    Compiling rocket v0.5.0-dev (https://github.com/SergioBenitez/Rocket#02b79e28)
[INFO] [stderr]     Checking unic-ucd-version v0.9.0
[INFO] [stderr]    Compiling fs-utils v1.1.4
[INFO] [stderr]     Checking slug v0.1.4
[INFO] [stderr]     Checking miniz_oxide v0.4.1
[INFO] [stderr]     Checking textwrap v0.11.0
[INFO] [stderr]    Compiling bv v0.11.1
[INFO] [stderr]     Checking bit-set v0.5.2
[INFO] [stderr]    Compiling libc v0.2.76
[INFO] [stderr]    Compiling log v0.4.11
[INFO] [stderr]    Compiling byteorder v1.3.4
[INFO] [stderr]     Checking itertools v0.9.0
[INFO] [stderr]    Compiling bitflags v1.2.1
[INFO] [stderr]    Compiling httparse v1.3.4
[INFO] [stderr]    Compiling heck v0.3.1
[INFO] [stderr]     Checking idna v0.2.0
[INFO] [stderr]     Checking unic-ucd-segment v0.9.0
[INFO] [stderr]    Compiling newtype_derive v0.1.6
[INFO] [stderr]     Checking signal-hook-registry v1.2.1
[INFO] [stderr]     Checking atty v0.2.14
[INFO] [stderr]     Checking inotify-sys v0.1.3
[INFO] [stderr]     Checking filetime v0.2.12
[INFO] [stderr]     Checking tracing v0.1.19
[INFO] [stderr]     Checking want v0.3.0
[INFO] [stderr]     Checking regex-automata v0.1.9
[INFO] [stderr]     Checking fxhash v0.2.1
[INFO] [stderr]    Compiling hashbrown v0.8.2
[INFO] [stderr]    Compiling jobserver v0.1.21
[INFO] [stderr]    Compiling net2 v0.2.34
[INFO] [stderr]    Compiling iovec v0.1.4
[INFO] [stderr]    Compiling num_cpus v1.13.0
[INFO] [stderr]    Compiling time v0.1.43
[INFO] [stderr]     Checking aho-corasick v0.7.13
[INFO] [stderr]     Checking csv-core v0.1.10
[INFO] [stderr]     Checking flate2 v1.0.17
[INFO] [stderr]     Checking rand_core v0.5.1
[INFO] [stderr]     Checking inotify v0.7.1
[INFO] [stderr]    Compiling pest_meta v2.1.3
[INFO] [stderr]     Checking unic-segment v0.9.0
[INFO] [stderr]     Checking url v2.1.1
[INFO] [stderr]     Checking mio-extras v2.0.6
[INFO] [stderr]    Compiling cc v1.0.59
[INFO] [stderr]    Compiling mio v0.6.22
[INFO] [stderr]    Compiling indexmap v1.5.1
[INFO] [stderr]     Checking petgraph v0.5.1
[INFO] [stderr]     Checking rand_chacha v0.2.2
[INFO] [stderr]     Checking notify v4.0.15
[INFO] [stderr]    Compiling regex v1.3.9
[INFO] [stderr]     Checking rand v0.7.3
[INFO] [stderr]    Compiling mio-uds v0.6.8
[INFO] [stderr]     Checking http-body v0.3.1
[INFO] [stderr]    Compiling openssl-src v111.10.2+1.1.1g
[INFO] [stderr]     Checking ordered-float v1.1.0
[INFO] [stderr]     Checking approx v0.3.2
[INFO] [stderr]     Checking itertools-num v0.1.3
[INFO] [stderr]     Checking universal-hash v0.4.0
[INFO] [stderr]     Checking digest v0.9.0
[INFO] [stderr]     Checking block-cipher v0.7.1
[INFO] [stderr]     Checking crypto-mac v0.8.0
[INFO] [stderr]     Checking aead v0.3.2
[INFO] [stderr]     Checking block-buffer v0.9.0
[INFO] [stderr]     Checking chrono v0.4.15
[INFO] [stderr]     Checking polyval v0.4.0
[INFO] [stderr]     Checking aes-soft v0.4.0
[INFO] [stderr]     Checking hmac v0.8.1
[INFO] [stderr]     Checking sha2 v0.9.1
[INFO] [stderr]     Checking ghash v0.3.0
[INFO] [stderr]     Checking hkdf v0.9.0
[INFO] [stderr]     Checking ndarray v0.13.1
[INFO] [stderr]     Checking statrs v0.12.0
[INFO] [stderr]     Checking aes v0.4.0
[INFO] [stderr]     Checking aes-gcm v0.6.0
[INFO] [stderr]    Compiling parse-zoneinfo v0.3.0
[INFO] [stderr]    Compiling libz-sys v1.1.0
[INFO] [stderr]    Compiling openssl-sys v0.9.58
[INFO] [stderr]    Compiling bzip2-sys v0.1.9+1.0.8
[INFO] [stderr]    Compiling lzma-sys v0.1.16
[INFO] [stderr]    Compiling curl-sys v0.4.36+curl-7.71.1
[INFO] [stderr]    Compiling hts-sys v1.10.3
[INFO] [stderr]    Compiling chrono-tz v0.5.2
[INFO] [stderr]    Compiling pest_generator v2.1.3
[INFO] [stderr]    Compiling devise_core v0.3.0 (https://github.com/SergioBenitez/Devise.git?rev=1e42a2691#1e42a269)
[INFO] [stderr]    Compiling serde_derive v1.0.115
[INFO] [stderr]    Compiling tokio-macros v0.2.5
[INFO] [stderr]    Compiling futures-macro v0.3.5
[INFO] [stderr]    Compiling time-macros-impl v0.1.1
[INFO] [stderr]    Compiling ref-cast-impl v1.0.2
[INFO] [stderr]    Compiling pear_codegen v0.2.0-dev (https://github.com/SergioBenitez/Pear.git?rev=4b68055#4b680556)
[INFO] [stderr]    Compiling devise_codegen v0.3.0 (https://github.com/SergioBenitez/Devise.git?rev=1e42a2691#1e42a269)
[INFO] [stderr]    Compiling derive-new v0.5.8
[INFO] [stderr]    Compiling snafu-derive v0.6.8
[INFO] [stderr]    Compiling pest_derive v2.1.0
[INFO] [stderr]    Compiling thiserror-impl v1.0.20
[INFO] [stderr]    Compiling async-trait v0.1.38
[INFO] [stderr]    Compiling enum-map-derive v0.4.3
[INFO] [stderr]    Compiling strum_macros v0.18.0
[INFO] [stderr]    Compiling getset v0.0.9
[INFO] [stderr]    Compiling ref-cast v1.0.2
[INFO] [stderr]    Compiling time-macros v0.1.0
[INFO] [stderr]    Compiling tokio v0.2.22
[INFO] [stderr]    Compiling pear v0.2.0-dev (https://github.com/SergioBenitez/Pear.git?rev=4b68055#4b680556)
[INFO] [stderr]    Compiling devise v0.3.0 (https://github.com/SergioBenitez/Devise.git?rev=1e42a2691#1e42a269)
[INFO] [stderr]     Checking pin-project v0.4.23
[INFO] [stderr]     Checking enum-map v0.6.2
[INFO] [stderr]     Checking futures-util v0.3.5
[INFO] [stderr]     Checking thiserror v1.0.20
[INFO] [stderr]     Checking snafu v0.6.8
[INFO] [stderr]     Checking tokio-util v0.3.1
[INFO] [stderr]     Checking h2 v0.2.6
[INFO] [stderr]     Checking futures-executor v0.3.5
[INFO] [stderr]     Checking futures v0.3.5
[INFO] [stderr]     Checking bstr v0.2.13
[INFO] [stderr]     Checking vec_map v0.8.2
[INFO] [stderr]     Checking serde_json v1.0.57
[INFO] [stderr]     Checking toml v0.5.6
[INFO] [stderr]     Checking bio-types v0.7.0
[INFO] [stderr]     Checking multimap v0.8.1
[INFO] [stderr]     Checking clap v2.33.3
[INFO] [stderr]     Checking globset v0.4.5
[INFO] [stderr]     Checking csv v1.1.3
[INFO] [stderr]     Checking hyper v0.13.7
[INFO] [stderr]     Checking ignore v0.4.16
[INFO] [stderr]     Checking globwalk v0.8.0
[INFO] [stderr]     Checking tera v1.5.0
[INFO] [stderr]     Checking rust-htslib v0.32.0
[INFO] [stderr]    Compiling rocket_codegen v0.5.0-dev (https://github.com/SergioBenitez/Rocket#02b79e28)
[INFO] [stderr]     Checking rocket_contrib v0.5.0-dev (https://github.com/SergioBenitez/Rocket#02b79e28)
[INFO] [stderr]     Checking genomes v0.1.1 (/opt/rustwide/workdir)
[INFO] [stdout] error[E0432]: unresolved import `rocket_contrib::compression`
[INFO] [stdout]   --> src/main.rs:43:21
[INFO] [stdout]    |
[INFO] [stdout] 43 | use rocket_contrib::compression::Compression;
[INFO] [stdout]    |                     ^^^^^^^^^^^ could not find `compression` in `rocket_contrib`
[INFO] [stdout] 
[INFO] [stdout] 
[INFO] [stdout] error[E0659]: `main` is ambiguous (built-in attribute vs any other name)
[INFO] [stdout]   |
[INFO] [stdout]   = note: `main` could refer to a built-in attribute
[INFO] [stdout] note: `main` could also refer to the attribute macro imported here
[INFO] [stdout]  --> src/main.rs:3:1
[INFO] [stdout]   |
[INFO] [stdout] 3 | #[macro_use]
[INFO] [stdout]   | ^^^^^^^^^^^^
[INFO] [stdout] 
[INFO] [stdout] 
[INFO] [stdout] error[E0554]: `#![feature]` may not be used on the beta release channel
[INFO] [stdout]  --> src/main.rs:1:1
[INFO] [stdout]   |
[INFO] [stdout] 1 | #![feature(proc_macro_hygiene, decl_macro)]
[INFO] [stdout]   | ^^^^^^^^^^^^^^^^^^^^^^^^^^^^^^^^^^^^^^^^^^^
[INFO] [stdout] 
[INFO] [stdout] 
[INFO] [stdout] error: macro-expanded `macro_export` macros from the current crate cannot be referred to by absolute paths
[INFO] [stdout]   --> src/main.rs:56:4
[INFO] [stdout]    |
[INFO] [stdout] 56 | fn reference(
[INFO] [stdout]    |    ^^^^^^^^^
[INFO] [stdout]    |
[INFO] [stdout]    = note: `#[deny(macro_expanded_macro_exports_accessed_by_absolute_paths)]` on by default
[INFO] [stdout]    = warning: this was previously accepted by the compiler but is being phased out; it will become a hard error in a future release!
[INFO] [stdout]    = note: for more information, see issue #52234 <https://github.com/rust-lang/rust/issues/52234>
[INFO] [stdout] note: the macro is defined here
[INFO] [stdout]   --> src/main.rs:55:1
[INFO] [stdout]    |
[INFO] [stdout] 55 | #[get("/reference/<chromosome>/<from>/<to>")]
[INFO] [stdout]    | ^^^^^^^^^^^^^^^^^^^^^^^^^^^^^^^^^^^^^^^^^^^^^
[INFO] [stdout]    = note: this error originates in an attribute macro (in Nightly builds, run with -Z macro-backtrace for more info)
[INFO] [stdout] 
[INFO] [stdout] 
[INFO] [stdout] error: macro-expanded `macro_export` macros from the current crate cannot be referred to by absolute paths
[INFO] [stdout]   --> src/main.rs:72:4
[INFO] [stdout]    |
[INFO] [stdout] 72 | fn alignment(
[INFO] [stdout]    |    ^^^^^^^^^
[INFO] [stdout]    |
[INFO] [stdout]    = warning: this was previously accepted by the compiler but is being phased out; it will become a hard error in a future release!
[INFO] [stdout]    = note: for more information, see issue #52234 <https://github.com/rust-lang/rust/issues/52234>
[INFO] [stdout] note: the macro is defined here
[INFO] [stdout]   --> src/main.rs:71:1
[INFO] [stdout]    |
[INFO] [stdout] 71 | #[get("/alignment/<chromosome>/<from>/<to>")]
[INFO] [stdout]    | ^^^^^^^^^^^^^^^^^^^^^^^^^^^^^^^^^^^^^^^^^^^^^
[INFO] [stdout]    = note: this error originates in an attribute macro (in Nightly builds, run with -Z macro-backtrace for more info)
[INFO] [stdout] 
[INFO] [stdout] 
[INFO] [stdout] error: macro-expanded `macro_export` macros from the current crate cannot be referred to by absolute paths
[INFO] [stdout]   --> src/main.rs:89:4
[INFO] [stdout]    |
[INFO] [stdout] 89 | fn variant(
[INFO] [stdout]    |    ^^^^^^^
[INFO] [stdout]    |
[INFO] [stdout]    = warning: this was previously accepted by the compiler but is being phased out; it will become a hard error in a future release!
[INFO] [stdout]    = note: for more information, see issue #52234 <https://github.com/rust-lang/rust/issues/52234>
[INFO] [stdout] note: the macro is defined here
[INFO] [stdout]   --> src/main.rs:88:1
[INFO] [stdout]    |
[INFO] [stdout] 88 | #[get("/variant/<chromosome>/<from>/<to>")]
[INFO] [stdout]    | ^^^^^^^^^^^^^^^^^^^^^^^^^^^^^^^^^^^^^^^^^^^
[INFO] [stdout]    = note: this error originates in an attribute macro (in Nightly builds, run with -Z macro-backtrace for more info)
[INFO] [stdout] 
[INFO] [stdout] 
[INFO] [stdout] error: macro-expanded `macro_export` macros from the current crate cannot be referred to by absolute paths
[INFO] [stdout]    --> src/main.rs:105:4
[INFO] [stdout]     |
[INFO] [stdout] 105 | fn index(params: State<ArgMatches>) -> Template {
[INFO] [stdout]     |    ^^^^^
[INFO] [stdout]     |
[INFO] [stdout]     = warning: this was previously accepted by the compiler but is being phased out; it will become a hard error in a future release!
[INFO] [stdout]     = note: for more information, see issue #52234 <https://github.com/rust-lang/rust/issues/52234>
[INFO] [stdout] note: the macro is defined here
[INFO] [stdout]    --> src/main.rs:104:1
[INFO] [stdout]     |
[INFO] [stdout] 104 | #[get("/")]
[INFO] [stdout]     | ^^^^^^^^^^^
[INFO] [stdout]     = note: this error originates in an attribute macro (in Nightly builds, run with -Z macro-backtrace for more info)
[INFO] [stdout] 
[INFO] [stdout] 
[INFO] [stdout] error[E0432]: unresolved import `rocket_contrib::compression`
[INFO] [stdout]   --> src/main.rs:43:21
[INFO] [stdout]    |
[INFO] [stdout] 43 | use rocket_contrib::compression::Compression;
[INFO] [stdout]    |                     ^^^^^^^^^^^ could not find `compression` in `rocket_contrib`
[INFO] [stdout] 
[INFO] [stdout] 
[INFO] [stdout] error[E0554]: `#![feature]` may not be used on the beta release channel
[INFO] [stdout]  --> src/main.rs:1:1
[INFO] [stdout]   |
[INFO] [stdout] 1 | #![feature(proc_macro_hygiene, decl_macro)]
[INFO] [stdout]   | ^^^^^^^^^^^^^^^^^^^^^^^^^^^^^^^^^^^^^^^^^^^
[INFO] [stdout] 
[INFO] [stdout] 
[INFO] [stdout] error: macro-expanded `macro_export` macros from the current crate cannot be referred to by absolute paths
[INFO] [stdout]   --> src/main.rs:56:4
[INFO] [stdout]    |
[INFO] [stdout] 56 | fn reference(
[INFO] [stdout]    |    ^^^^^^^^^
[INFO] [stdout]    |
[INFO] [stdout]    = note: `#[deny(macro_expanded_macro_exports_accessed_by_absolute_paths)]` on by default
[INFO] [stdout]    = warning: this was previously accepted by the compiler but is being phased out; it will become a hard error in a future release!
[INFO] [stdout]    = note: for more information, see issue #52234 <https://github.com/rust-lang/rust/issues/52234>
[INFO] [stdout] note: the macro is defined here
[INFO] [stdout]   --> src/main.rs:55:1
[INFO] [stdout]    |
[INFO] [stdout] 55 | #[get("/reference/<chromosome>/<from>/<to>")]
[INFO] [stdout]    | ^^^^^^^^^^^^^^^^^^^^^^^^^^^^^^^^^^^^^^^^^^^^^
[INFO] [stdout]    = note: this error originates in an attribute macro (in Nightly builds, run with -Z macro-backtrace for more info)
[INFO] [stdout] 
[INFO] [stdout] 
[INFO] [stdout] error: macro-expanded `macro_export` macros from the current crate cannot be referred to by absolute paths
[INFO] [stdout]   --> src/main.rs:72:4
[INFO] [stdout]    |
[INFO] [stdout] 72 | fn alignment(
[INFO] [stdout]    |    ^^^^^^^^^
[INFO] [stdout]    |
[INFO] [stdout]    = warning: this was previously accepted by the compiler but is being phased out; it will become a hard error in a future release!
[INFO] [stdout]    = note: for more information, see issue #52234 <https://github.com/rust-lang/rust/issues/52234>
[INFO] [stdout] note: the macro is defined here
[INFO] [stdout]   --> src/main.rs:71:1
[INFO] [stdout]    |
[INFO] [stdout] 71 | #[get("/alignment/<chromosome>/<from>/<to>")]
[INFO] [stdout]    | ^^^^^^^^^^^^^^^^^^^^^^^^^^^^^^^^^^^^^^^^^^^^^
[INFO] [stdout]    = note: this error originates in an attribute macro (in Nightly builds, run with -Z macro-backtrace for more info)
[INFO] [stdout] 
[INFO] [stdout] 
[INFO] [stdout] error: macro-expanded `macro_export` macros from the current crate cannot be referred to by absolute paths
[INFO] [stdout]   --> src/main.rs:89:4
[INFO] [stdout]    |
[INFO] [stdout] 89 | fn variant(
[INFO] [stdout]    |    ^^^^^^^
[INFO] [stdout]    |
[INFO] [stdout]    = warning: this was previously accepted by the compiler but is being phased out; it will become a hard error in a future release!
[INFO] [stdout]    = note: for more information, see issue #52234 <https://github.com/rust-lang/rust/issues/52234>
[INFO] [stdout] note: the macro is defined here
[INFO] [stdout]   --> src/main.rs:88:1
[INFO] [stdout]    |
[INFO] [stdout] 88 | #[get("/variant/<chromosome>/<from>/<to>")]
[INFO] [stdout]    | ^^^^^^^^^^^^^^^^^^^^^^^^^^^^^^^^^^^^^^^^^^^
[INFO] [stdout]    = note: this error originates in an attribute macro (in Nightly builds, run with -Z macro-backtrace for more info)
[INFO] [stdout] 
[INFO] [stdout] 
[INFO] [stdout] error: macro-expanded `macro_export` macros from the current crate cannot be referred to by absolute paths
[INFO] [stdout]    --> src/main.rs:105:4
[INFO] [stdout]     |
[INFO] [stdout] 105 | fn index(params: State<ArgMatches>) -> Template {
[INFO] [stdout]     |    ^^^^^
[INFO] [stdout]     |
[INFO] [stdout]     = warning: this was previously accepted by the compiler but is being phased out; it will become a hard error in a future release!
[INFO] [stdout]     = note: for more information, see issue #52234 <https://github.com/rust-lang/rust/issues/52234>
[INFO] [stdout] note: the macro is defined here
[INFO] [stdout]    --> src/main.rs:104:1
[INFO] [stdout]     |
[INFO] [stdout] 104 | #[get("/")]
[INFO] [stdout]     | ^^^^^^^^^^^
[INFO] [stdout]     = note: this error originates in an attribute macro (in Nightly builds, run with -Z macro-backtrace for more info)
[INFO] [stdout] 
[INFO] [stdout] 
[INFO] [stdout] error[E0609]: no field `await` on type `std::pin::Pin<std::boxed::Box<dyn std::future::Future<Output = rocket::outcome::Outcome<rocket::State<'_, clap::ArgMatches<'_>>, (rocket::http::Status, ()), ()>> + std::marker::Send>>`
[INFO] [stdout]   --> src/main.rs:57:13
[INFO] [stdout]    |
[INFO] [stdout] 57 |     params: State<ArgMatches>,
[INFO] [stdout]    |             ^^^^^ unknown field
[INFO] [stdout]    |
[INFO] [stdout]    = note: to `.await` a `Future`, switch to Rust 2018
[INFO] [stdout]    = help: set `edition = "2018"` in `Cargo.toml`
[INFO] [stdout]    = note: for more on editions, read https://doc.rust-lang.org/edition-guide
[INFO] [stdout] 
[INFO] [stdout] 
[INFO] [stdout] error[E0609]: no field `await` on type `std::pin::Pin<std::boxed::Box<dyn std::future::Future<Output = rocket::outcome::Outcome<rocket::State<'_, clap::ArgMatches<'_>>, (rocket::http::Status, ()), ()>> + std::marker::Send>>`
[INFO] [stdout]   --> src/main.rs:73:13
[INFO] [stdout]    |
[INFO] [stdout] 73 |     params: State<ArgMatches>,
[INFO] [stdout]    |             ^^^^^ unknown field
[INFO] [stdout]    |
[INFO] [stdout]    = note: to `.await` a `Future`, switch to Rust 2018
[INFO] [stdout]    = help: set `edition = "2018"` in `Cargo.toml`
[INFO] [stdout]    = note: for more on editions, read https://doc.rust-lang.org/edition-guide
[INFO] [stdout] 
[INFO] [stdout] 
[INFO] [stdout] error[E0609]: no field `await` on type `std::pin::Pin<std::boxed::Box<dyn std::future::Future<Output = rocket::outcome::Outcome<rocket::State<'_, clap::ArgMatches<'_>>, (rocket::http::Status, ()), ()>> + std::marker::Send>>`
[INFO] [stdout]   --> src/main.rs:90:13
[INFO] [stdout]    |
[INFO] [stdout] 90 |     params: State<ArgMatches>,
[INFO] [stdout]    |             ^^^^^ unknown field
[INFO] [stdout]    |
[INFO] [stdout]    = note: to `.await` a `Future`, switch to Rust 2018
[INFO] [stdout]    = help: set `edition = "2018"` in `Cargo.toml`
[INFO] [stdout]    = note: for more on editions, read https://doc.rust-lang.org/edition-guide
[INFO] [stdout] 
[INFO] [stdout] 
[INFO] [stdout] error[E0609]: no field `await` on type `std::pin::Pin<std::boxed::Box<dyn std::future::Future<Output = rocket::outcome::Outcome<rocket::State<'_, clap::ArgMatches<'_>>, (rocket::http::Status, ()), ()>> + std::marker::Send>>`
[INFO] [stdout]    --> src/main.rs:105:18
[INFO] [stdout]     |
[INFO] [stdout] 105 | fn index(params: State<ArgMatches>) -> Template {
[INFO] [stdout]     |                  ^^^^^ unknown field
[INFO] [stdout]     |
[INFO] [stdout]     = note: to `.await` a `Future`, switch to Rust 2018
[INFO] [stdout]     = help: set `edition = "2018"` in `Cargo.toml`
[INFO] [stdout]     = note: for more on editions, read https://doc.rust-lang.org/edition-guide
[INFO] [stdout] 
[INFO] [stdout] 
[INFO] [stdout] error[E0609]: no field `await` on type `std::pin::Pin<std::boxed::Box<dyn std::future::Future<Output = rocket::outcome::Outcome<rocket::State<'_, clap::ArgMatches<'_>>, (rocket::http::Status, ()), ()>> + std::marker::Send>>`
[INFO] [stdout]   --> src/main.rs:57:13
[INFO] [stdout]    |
[INFO] [stdout] 57 |     params: State<ArgMatches>,
[INFO] [stdout]    |             ^^^^^ unknown field
[INFO] [stdout]    |
[INFO] [stdout]    = note: to `.await` a `Future`, switch to Rust 2018
[INFO] [stdout]    = help: set `edition = "2018"` in `Cargo.toml`
[INFO] [stdout]    = note: for more on editions, read https://doc.rust-lang.org/edition-guide
[INFO] [stdout] 
[INFO] [stdout] 
[INFO] [stdout] error[E0609]: no field `await` on type `std::pin::Pin<std::boxed::Box<dyn std::future::Future<Output = rocket::outcome::Outcome<rocket::State<'_, clap::ArgMatches<'_>>, (rocket::http::Status, ()), ()>> + std::marker::Send>>`
[INFO] [stdout]   --> src/main.rs:73:13
[INFO] [stdout]    |
[INFO] [stdout] 73 |     params: State<ArgMatches>,
[INFO] [stdout]    |             ^^^^^ unknown field
[INFO] [stdout]    |
[INFO] [stdout]    = note: to `.await` a `Future`, switch to Rust 2018
[INFO] [stdout]    = help: set `edition = "2018"` in `Cargo.toml`
[INFO] [stdout]    = note: for more on editions, read https://doc.rust-lang.org/edition-guide
[INFO] [stdout] 
[INFO] [stdout] 
[INFO] [stdout] error[E0609]: no field `await` on type `std::pin::Pin<std::boxed::Box<dyn std::future::Future<Output = rocket::outcome::Outcome<rocket::State<'_, clap::ArgMatches<'_>>, (rocket::http::Status, ()), ()>> + std::marker::Send>>`
[INFO] [stdout]   --> src/main.rs:90:13
[INFO] [stdout]    |
[INFO] [stdout] 90 |     params: State<ArgMatches>,
[INFO] [stdout]    |             ^^^^^ unknown field
[INFO] [stdout]    |
[INFO] [stdout]    = note: to `.await` a `Future`, switch to Rust 2018
[INFO] [stdout]    = help: set `edition = "2018"` in `Cargo.toml`
[INFO] [stdout]    = note: for more on editions, read https://doc.rust-lang.org/edition-guide
[INFO] [stdout] 
[INFO] [stdout] 
[INFO] [stdout] error[E0609]: no field `await` on type `std::pin::Pin<std::boxed::Box<dyn std::future::Future<Output = rocket::outcome::Outcome<rocket::State<'_, clap::ArgMatches<'_>>, (rocket::http::Status, ()), ()>> + std::marker::Send>>`
[INFO] [stdout]    --> src/main.rs:105:18
[INFO] [stdout]     |
[INFO] [stdout] 105 | fn index(params: State<ArgMatches>) -> Template {
[INFO] [stdout]     |                  ^^^^^ unknown field
[INFO] [stdout]     |
[INFO] [stdout]     = note: to `.await` a `Future`, switch to Rust 2018
[INFO] [stdout]     = help: set `edition = "2018"` in `Cargo.toml`
[INFO] [stdout]     = note: for more on editions, read https://doc.rust-lang.org/edition-guide
[INFO] [stdout] 
[INFO] [stdout] 
[INFO] [stdout] error: aborting due to 11 previous errors
[INFO] [stdout] 
[INFO] [stdout] 
[INFO] [stdout] Some errors have detailed explanations: E0432, E0554, E0609, E0659.
[INFO] [stdout] 
[INFO] [stdout] For more information about an error, try `rustc --explain E0432`.
[INFO] [stdout] 
[INFO] [stderr] error: could not compile `genomes`.
[INFO] [stderr] 
[INFO] [stderr] To learn more, run the command again with --verbose.
[INFO] [stderr] warning: build failed, waiting for other jobs to finish...
[INFO] [stdout] error: aborting due to 10 previous errors
[INFO] [stdout] 
[INFO] [stdout] 
[INFO] [stdout] Some errors have detailed explanations: E0432, E0554, E0609.
[INFO] [stdout] 
[INFO] [stdout] For more information about an error, try `rustc --explain E0432`.
[INFO] [stdout] 
[INFO] [stderr] error: build failed
[INFO] running `Command { std: "docker" "inspect" "ca756e24ad7bd9284d7966aab27ae4d8e9b2df79f0d6aec1dee251da47fdd155", kill_on_drop: false }`
[INFO] running `Command { std: "docker" "rm" "-f" "ca756e24ad7bd9284d7966aab27ae4d8e9b2df79f0d6aec1dee251da47fdd155", kill_on_drop: false }`
[INFO] [stdout] ca756e24ad7bd9284d7966aab27ae4d8e9b2df79f0d6aec1dee251da47fdd155
